hen 485658 is divided by 238297?
9064
What is the remainder when 479474 is divided by 15258?
6476
What is the remainder when 230110 is divided by 462?
34
Calculate the remainder when 8145943 is divided by 452.
451
Calculate the remainder when 974073 is divided by 194476.
1693
What is the remainder when 75983 is divided by 24398?
2789
What is the remainder when 390486 is divided by 48795?
126
What is the remainder when 4731051 is divided by 29?
20
Calculate the remainder when 113257325 is divided by 5148060.
5
What is the remainder when 17417227 is divided by 5805732?
31
What is the remainder when 1881637 is divided by 259?
2
What is the remainder when 324191 is divided by 324191?
0
Calculate the remainder when 588105549 is divided by 964.
961
Calculate the remainder when 838946 is divided by 1816.
1770
What is the remainder when 10067720 is divided by 28122?
44
What is the remainder when 8578661 is divided by 457?
314
What is the remainder when 6119 is divided by 1284?
983
Calculate the remainder when 4277581 is divided by 132.
121
What is the remainder when 530640 is divided by 176831?
147
What is the remainder when 184630 is divided by 92?
78
Calculate the remainder when 8865338 is divided by 65.
53
What is the remainder when 6629761 is divided by 2227?
2209
What is the remainder when 165089 is divided by 775?
14
Calculate the remainder when 302421 is divided by 824.
13
What is the remainder when 18901417 is divided by 6765?
7
What is the remainder when 2282089 is divided by 151?
26
Calculate the remainder when 1260315 is divided by 1364.
1343
What is the remainder when 16931772 is divided by 1359?
1350
What is the remainder when 103759 is divided by 103435?
324
What is the remainder when 4822349 is divided by 964468?
9
Calculate the remainder when 1420998 is divided by 3927.
3351
What is the remainder when 8564174 is divided by 4281926?
322
Calculate the remainder when 393152 is divided by 1232.
144
What is the remainder when 172245383 is divided by 71?
22
Calculate the remainder when 652644 is divided by 780.
564
What is the remainder when 15424 is divided by 6698?
2028
Calculate the remainder when 1344165 is divided by 255.
60
What is the remainder when 12384576 is divided by 33?
6
Calculate the remainder when 657768 is divided by 22675.
193
What is the remainder when 13866162 is divided by 266656?
50
Calculate the remainder when 77998 is divided by 1945.
198
Calculate the remainder when 5798062 is divided by 52.
10
What is the remainder when 4190 is divided by 845?
810
Calculate the remainder when 43301 is divided by 1017.
587
Calculate the remainder when 22081 is divided by 44.
37
Calculate the remainder when 4093801 is divided by 584822.
47
What is the remainder when 69930782 is divided by 7?
5
Calculate the remainder when 205091 is divided by 7595.
26
What is the remainder when 33586794 is divided by 198?
54
Calculate the remainder when 582690 is divided by 998.
856
Calculate the remainder when 452995 is divided by 64.
3
Calculate the remainder when 336926 is divided by 3063.
3059
What is the remainder when 824078 is divided by 9247?
1095
Calculate the remainder when 935215 is divided by 93520.
15
Calculate the remainder when 103075322 is divided by 25.
22
What is the remainder when 801049 is divided by 89004?
13
Calculate the remainder when 455738 is divided by 73.
72
Calculate the remainder when 376168 is divided by 125099.
871
Calculate the remainder when 18694132 is divided by 539.
534
Calculate the remainder when 303600 is divided by 1439.
1410
Calculate the remainder when 48056152 is divided by 479.
477
Calculate the remainder when 1148542 is divided by 7709.
7610
Calculate the remainder when 95981 is divided by 95957.
24
Calculate the remainder when 8768 is divided by 510.
98
What is the remainder when 4451161 is divided by 4451132?
29
Calculate the remainder when 1232643 is divided by 422.
403
Calculate the remainder when 17937845 is divided by 5369.
16
Calculate the remainder when 21146 is divided by 6453.
1787
What is the remainder when 14939048 is divided by 2987808?
8
What is the remainder when 441175 is divided by 220583?
9
Calculate the remainder when 72348 is divided by 6821.
4138
What is the remainder when 25372 is divided by 107?
13
Calculate the remainder when 2844514 is divided by 31258.
36
Calculate the remainder when 113805469 is divided by 319.
305
What is the remainder when 4064414 is divided by 4064412?
2
Calculate the remainder when 46864 is divided by 20824.
5216
What is the remainder when 854182 is divided by 210?
112
What is the remainder when 579921 is divided by 34086?
459
What is the remainder when 20362 is divided by 589?
336
What is the remainder when 1892590 is divided by 856?
830
What is the remainder when 163839 is divided by 1162?
1159
Calculate the remainder when 8250849 is divided by 2062704.
33
What is the remainder when 2858898 is divided by 37?
19
Calculate the remainder when 674587 is divided by 848.
427
Calculate the remainder when 7903892 is divided by 93.
8
Calculate the remainder when 196439 is divided by 1175.
214
Calculate the remainder when 4742373 is divided by 1185469.
497
Calculate the remainder when 14483994 is divided by 8470.
294
Calculate the remainder when 1321092 is divided by 42.
24
Calculate the remainder when 113372 is divided by 26.
12
What is the remainder when 5214289 is divided by 28?
17
What is the remainder when 38139 is divided by 227?
3
What is the remainder when 8078434 is divided by 9698?
0
Calculate the remainder when 147597127 is divided by 1379.
1378
What is the remainder when 29334350 is divided by 6676?
6
What is the remainder when 45819957 is divided by 22909972?
13
What is the remainder when 15927630 is divided by 509?
2
Calculate the remainder when 323094 is divided by 338.
304
Calculate the remainder when 11682013 is divided by 233640.
13
Calculate the remainder when 2093785 is divided by 4814.
4509
What is the remainder when 185265 is divided by 92543?
179
What is the remainder when 1239905 is divided by 206647?
23
Calculate the remainder when 1429204 is divided by 79397.
58
What is the remainder when 89943 is divided by 13806?
7107
Calculate the remainder when 5938802 is divided by 34131.
8
Calculate the remainder when 45196766 is divided by 1089.
1088
What is the remainder when 9439945 is divided by 84?
25
Calculate the remainder when 96312 is divided by 368.
264
Calculate the remainder when 2085731467 is divided by 835.
832
Calculate the remainder when 376833 is divided by 5461.
24
What is the remainder when 962310 is divided by 7756?
566
What is the remainder when 757115 is divided by 4274?
617
Calculate the remainder when 228950 is divided by 355.
330
Calculate the remainder when 29362290 is divided by 767.
763
What is the remainder when 23330 is divided by 4421?
1225
What is the remainder when 101923583 is divided by 85?
83
What is the remainder when 263349600 is divided by 799?
798
Calculate the remainder when 6654616 is divided by 1349.
1348
What is the remainder when 21302431 is divided by 437?
429
What is the remainder when 1431345 is divided by 1429602?
1743
Calculate the remainder when 10559561 is divided by 405.
401
Calculate the remainder when 5205640 is divided by 1735211.
7
What is the remainder when 2169177 is divided by 927?
924
What is the remainder when 6168122 is divided by 616799?
132
Calculate the remainder when 96173 is divided by 47839.
495
What is the remainder when 202695 is divided by 43?
36
What is the remainder when 164455 is divided by 765?
745
What is the remainder when 35546520 is divided by 271?
263
What is the remainder when 19054 is divided by 1065?
949
Calculate the remainder when 29160 is divided by 29136.
24
Calculate the remainder when 1509119 is divided by 20.
19
Calculate the remainder when 1590534 is divided by 5965.
3844
Calculate the remainder when 9911186 is divided by 206482.
50
What is the remainder when 1949174 is divided by 72191?
17
Calculate the remainder when 2101486 is divided by 34.
14
What is the remainder when 1182686 is divided by 15561?
50
What is the remainder when 2246099 is divided by 139?
137
What is the remainder when 4802 is divided by 3545?
1257
Calculate the remainder when 615118 is 